{"id":169654,"date":"2022-03-14T09:55:01","date_gmt":"2022-03-14T08:55:01","guid":{"rendered":"https:\/\/www.proterrasancta.org\/urgence-en-syrie\/"},"modified":"2024-01-10T17:27:15","modified_gmt":"2024-01-10T16:27:15","slug":"urgence-en-syrie","status":"publish","type":"page","link":"https:\/\/preprod.proterrasancta.org\/fr\/urgence-en-syrie\/","title":{"rendered":"Urgence en Syrie"},"content":{"rendered":"\n<div class=\"wp-block-kadence-rowlayout alignnone\"><div id=\"kt-layout-id_b0b94d-5c\" class=\"kt-row-layout-inner kt-row-has-bg kt-layout-id_b0b94d-5c\"><div class=\"kt-row-column-wrap kt-has-1-columns kt-gutter-skinny kt-v-gutter-default kt-row-valign-top kt-row-layout-equal kt-tab-layout-inherit kt-m-colapse-left-to-right kt-mobile-layout-row\">\n<div class=\"wp-block-kadence-column inner-column-1 kadence-column_b516ad-73\"><div class=\"kt-inside-inner-col\">\n<h3 class=\"has-text-align-center has-white-color has-text-color wp-block-heading\" id=\"h-faire-un-don-par-carte-de-credit-ou-paypal\">FAIRE UN DON PAR CARTE DE CR\u00c9DIT OU PayPal<\/h3>\n\n\n\n<div style=\"height:11px\" aria-hidden=\"true\" class=\"wp-block-spacer\"><\/div>\n\n\n\n<div style=\"background-color:transparent\" class=\"wp-block-proterrasancta-form-donate\"><div class=\"container px-0\"><div id=\"form-donate-root\" class=\"form-donate-root\" data-card-color=\"white\" data-lng=\"fr\" data-icon1=\"distribuzione\" data-icon2=\"assistenza\" data-icon3=\"famiglia\" data-ask1=\"50\" data-ask2=\"100\" data-ask3=\"150\" data-ask1-text=\"Pour la distribution des produits de premi\u00e8re n\u00e9cessit\u00e9\" data-ask2-text=\"Fournir des soins m\u00e9dicaux et des m\u00e9dicaments\" data-ask3-text=\"Pour la reconstruction des maisons et l'aide aux familles\" data-campaign-tag=\"24_WS4_URGENCESYR\" data-paypal-key=\"AXlo5BqnfFZyW1uZxx5gkgYegrUCI86f7Q65TIABhmOq4Kt5JEb1zM1NdRUKDtV0obCFXmhjIC1tXxQ8\" data-stripe-key=\"pk_live_51HoUXjJhU1LmKSdSbkxGlrACRcf4LTv1RqqzDcqKytqJzbs1tzvrgsw5sRp5USAUGdCg8fHwNbTtvWCTlUno6gSB00fvqTKLzg\" data-env=\"prod\" data-thank-you-url=\"\" data-form-type=\"standard\" data-form-shape=\"form\"><\/div><\/div><\/div>\n<\/div><\/div>\n<\/div><\/div><\/div>\n","protected":false},"excerpt":{"rendered":"","protected":false},"author":35,"featured_media":163182,"parent":0,"menu_order":0,"comment_status":"closed","ping_status":"closed","template":"templates\/longform.php","meta":{"_acf_changed":false,"inline_featured_image":false,"footnotes":""},"categories":[],"class_list":["post-169654","page","type-page","status-publish","has-post-thumbnail","hentry"],"acf":[],"yoast_head":"<!-- This site is optimized with the Yoast SEO Premium plugin v17.7 (Yoast SEO v19.14) - https:\/\/yoast.com\/wordpress\/plugins\/seo\/ -->\n<title>Soutenir syria | Pro Terra Sancta<\/title>\n<meta name=\"description\" content=\"Soutenez notre travail en Syrie aux c\u00f4t\u00e9s de la population touch\u00e9e par un conflit qui dure depuis trop d\u2019ann\u00e9es.\" \/>\n<meta name=\"robots\" content=\"noindex, follow, max-snippet:-1, max-image-preview:large, max-video-preview:-1\" \/>\n<meta property=\"og:locale\" content=\"fr_FR\" \/>\n<meta property=\"og:type\" content=\"article\" \/>\n<meta property=\"og:title\" content=\"Urgence en Syrie\" \/>\n<meta property=\"og:description\" content=\"Soutenez notre travail en Syrie aux c\u00f4t\u00e9s de la population touch\u00e9e par un conflit qui dure depuis trop d\u2019ann\u00e9es.\" \/>\n<meta property=\"og:url\" content=\"https:\/\/preprod.proterrasancta.org\/fr\/urgence-en-syrie\/\" \/>\n<meta property=\"og:site_name\" content=\"Pro Terra Sancta\" \/>\n<meta property=\"article:publisher\" content=\"https:\/\/www.facebook.com\/proterrasancta\/\" \/>\n<meta property=\"article:modified_time\" content=\"2024-01-10T16:27:15+00:00\" \/>\n<meta property=\"og:image\" content=\"https:\/\/preprod.proterrasancta.org\/wp-content\/uploads\/siria-famiglie.png\" \/>\n\t<meta property=\"og:image:width\" content=\"500\" \/>\n\t<meta property=\"og:image:height\" content=\"500\" \/>\n\t<meta property=\"og:image:type\" content=\"image\/png\" \/>\n<meta name=\"twitter:card\" content=\"summary_large_image\" \/>\n<meta name=\"twitter:site\" content=\"@proterrasancta\" \/>\n<meta name=\"twitter:label1\" content=\"Dur\u00e9e de lecture est.\" \/>\n\t<meta name=\"twitter:data1\" content=\"1 minute\" \/>\n<script type=\"application\/ld+json\" class=\"yoast-schema-graph\">{\"@context\":\"https:\/\/schema.org\",\"@graph\":[{\"@type\":\"WebPage\",\"@id\":\"https:\/\/preprod.proterrasancta.org\/fr\/urgence-en-syrie\/\",\"url\":\"https:\/\/preprod.proterrasancta.org\/fr\/urgence-en-syrie\/\",\"name\":\"Soutenir syria | Pro Terra Sancta\",\"isPartOf\":{\"@id\":\"https:\/\/preprod.proterrasancta.org\/it\/#website\"},\"datePublished\":\"2022-03-14T08:55:01+00:00\",\"dateModified\":\"2024-01-10T16:27:15+00:00\",\"description\":\"Soutenez notre travail en Syrie aux c\u00f4t\u00e9s de la population touch\u00e9e par un conflit qui dure depuis trop d\u2019ann\u00e9es.\",\"breadcrumb\":{\"@id\":\"https:\/\/preprod.proterrasancta.org\/fr\/urgence-en-syrie\/#breadcrumb\"},\"inLanguage\":\"fr-FR\",\"potentialAction\":[{\"@type\":\"ReadAction\",\"target\":[\"https:\/\/preprod.proterrasancta.org\/fr\/urgence-en-syrie\/\"]}]},{\"@type\":\"BreadcrumbList\",\"@id\":\"https:\/\/preprod.proterrasancta.org\/fr\/urgence-en-syrie\/#breadcrumb\",\"itemListElement\":[{\"@type\":\"ListItem\",\"position\":1,\"name\":\"Home\",\"item\":\"https:\/\/preprod.proterrasancta.org\/it\/\"},{\"@type\":\"ListItem\",\"position\":2,\"name\":\"Urgence en Syrie\"}]},{\"@type\":\"WebSite\",\"@id\":\"https:\/\/preprod.proterrasancta.org\/it\/#website\",\"url\":\"https:\/\/preprod.proterrasancta.org\/it\/\",\"name\":\"Pro Terra Sancta\",\"description\":\"To foster bonds between the Holy Land and the world\",\"publisher\":{\"@id\":\"https:\/\/preprod.proterrasancta.org\/it\/#organization\"},\"potentialAction\":[{\"@type\":\"SearchAction\",\"target\":{\"@type\":\"EntryPoint\",\"urlTemplate\":\"https:\/\/preprod.proterrasancta.org\/it\/?s={search_term_string}\"},\"query-input\":\"required name=search_term_string\"}],\"inLanguage\":\"fr-FR\"},{\"@type\":\"Organization\",\"@id\":\"https:\/\/preprod.proterrasancta.org\/it\/#organization\",\"name\":\"Associazione Pro Terra Sancta\",\"url\":\"https:\/\/preprod.proterrasancta.org\/it\/\",\"logo\":{\"@type\":\"ImageObject\",\"inLanguage\":\"fr-FR\",\"@id\":\"https:\/\/preprod.proterrasancta.org\/it\/#\/schema\/logo\/image\/\",\"url\":\"https:\/\/www.proterrasancta.org\/wp-content\/uploads\/Logo_ProTerraSancta_Colori_web_high_modificato.jpg\",\"contentUrl\":\"https:\/\/www.proterrasancta.org\/wp-content\/uploads\/Logo_ProTerraSancta_Colori_web_high_modificato.jpg\",\"width\":1018,\"height\":576,\"caption\":\"Associazione Pro Terra Sancta\"},\"image\":{\"@id\":\"https:\/\/preprod.proterrasancta.org\/it\/#\/schema\/logo\/image\/\"},\"sameAs\":[\"https:\/\/www.instagram.com\/proterrasancta\/\",\"https:\/\/www.linkedin.com\/company\/pro-terra-sancta\/\",\"https:\/\/www.youtube.com\/user\/proterrasancta\",\"https:\/\/www.facebook.com\/proterrasancta\/\",\"https:\/\/twitter.com\/proterrasancta\"]}]}<\/script>\n<!-- \/ Yoast SEO Premium plugin. -->","yoast_head_json":{"title":"Soutenir syria | Pro Terra Sancta","description":"Soutenez notre travail en Syrie aux c\u00f4t\u00e9s de la population touch\u00e9e par un conflit qui dure depuis trop d\u2019ann\u00e9es.","robots":{"index":"noindex","follow":"follow","max-snippet":"max-snippet:-1","max-image-preview":"max-image-preview:large","max-video-preview":"max-video-preview:-1"},"og_locale":"fr_FR","og_type":"article","og_title":"Urgence en Syrie","og_description":"Soutenez notre travail en Syrie aux c\u00f4t\u00e9s de la population touch\u00e9e par un conflit qui dure depuis trop d\u2019ann\u00e9es.","og_url":"https:\/\/preprod.proterrasancta.org\/fr\/urgence-en-syrie\/","og_site_name":"Pro Terra Sancta","article_publisher":"https:\/\/www.facebook.com\/proterrasancta\/","article_modified_time":"2024-01-10T16:27:15+00:00","og_image":[{"width":500,"height":500,"url":"https:\/\/preprod.proterrasancta.org\/wp-content\/uploads\/siria-famiglie.png","type":"image\/png"}],"twitter_card":"summary_large_image","twitter_site":"@proterrasancta","twitter_misc":{"Dur\u00e9e de lecture est.":"1 minute"},"schema":{"@context":"https:\/\/schema.org","@graph":[{"@type":"WebPage","@id":"https:\/\/preprod.proterrasancta.org\/fr\/urgence-en-syrie\/","url":"https:\/\/preprod.proterrasancta.org\/fr\/urgence-en-syrie\/","name":"Soutenir syria | Pro Terra Sancta","isPartOf":{"@id":"https:\/\/preprod.proterrasancta.org\/it\/#website"},"datePublished":"2022-03-14T08:55:01+00:00","dateModified":"2024-01-10T16:27:15+00:00","description":"Soutenez notre travail en Syrie aux c\u00f4t\u00e9s de la population touch\u00e9e par un conflit qui dure depuis trop d\u2019ann\u00e9es.","breadcrumb":{"@id":"https:\/\/preprod.proterrasancta.org\/fr\/urgence-en-syrie\/#breadcrumb"},"inLanguage":"fr-FR","potentialAction":[{"@type":"ReadAction","target":["https:\/\/preprod.proterrasancta.org\/fr\/urgence-en-syrie\/"]}]},{"@type":"BreadcrumbList","@id":"https:\/\/preprod.proterrasancta.org\/fr\/urgence-en-syrie\/#breadcrumb","itemListElement":[{"@type":"ListItem","position":1,"name":"Home","item":"https:\/\/preprod.proterrasancta.org\/it\/"},{"@type":"ListItem","position":2,"name":"Urgence en Syrie"}]},{"@type":"WebSite","@id":"https:\/\/preprod.proterrasancta.org\/it\/#website","url":"https:\/\/preprod.proterrasancta.org\/it\/","name":"Pro Terra Sancta","description":"To foster bonds between the Holy Land and the world","publisher":{"@id":"https:\/\/preprod.proterrasancta.org\/it\/#organization"},"potentialAction":[{"@type":"SearchAction","target":{"@type":"EntryPoint","urlTemplate":"https:\/\/preprod.proterrasancta.org\/it\/?s={search_term_string}"},"query-input":"required name=search_term_string"}],"inLanguage":"fr-FR"},{"@type":"Organization","@id":"https:\/\/preprod.proterrasancta.org\/it\/#organization","name":"Associazione Pro Terra Sancta","url":"https:\/\/preprod.proterrasancta.org\/it\/","logo":{"@type":"ImageObject","inLanguage":"fr-FR","@id":"https:\/\/preprod.proterrasancta.org\/it\/#\/schema\/logo\/image\/","url":"https:\/\/www.proterrasancta.org\/wp-content\/uploads\/Logo_ProTerraSancta_Colori_web_high_modificato.jpg","contentUrl":"https:\/\/www.proterrasancta.org\/wp-content\/uploads\/Logo_ProTerraSancta_Colori_web_high_modificato.jpg","width":1018,"height":576,"caption":"Associazione Pro Terra Sancta"},"image":{"@id":"https:\/\/preprod.proterrasancta.org\/it\/#\/schema\/logo\/image\/"},"sameAs":["https:\/\/www.instagram.com\/proterrasancta\/","https:\/\/www.linkedin.com\/company\/pro-terra-sancta\/","https:\/\/www.youtube.com\/user\/proterrasancta","https:\/\/www.facebook.com\/proterrasancta\/","https:\/\/twitter.com\/proterrasancta"]}]}},"_links":{"self":[{"href":"https:\/\/preprod.proterrasancta.org\/fr\/wp-json\/wp\/v2\/pages\/169654"}],"collection":[{"href":"https:\/\/preprod.proterrasancta.org\/fr\/wp-json\/wp\/v2\/pages"}],"about":[{"href":"https:\/\/preprod.proterrasancta.org\/fr\/wp-json\/wp\/v2\/types\/page"}],"author":[{"embeddable":true,"href":"https:\/\/preprod.proterrasancta.org\/fr\/wp-json\/wp\/v2\/users\/35"}],"replies":[{"embeddable":true,"href":"https:\/\/preprod.proterrasancta.org\/fr\/wp-json\/wp\/v2\/comments?post=169654"}],"version-history":[{"count":5,"href":"https:\/\/preprod.proterrasancta.org\/fr\/wp-json\/wp\/v2\/pages\/169654\/revisions"}],"predecessor-version":[{"id":209029,"href":"https:\/\/preprod.proterrasancta.org\/fr\/wp-json\/wp\/v2\/pages\/169654\/revisions\/209029"}],"wp:featuredmedia":[{"embeddable":true,"href":"https:\/\/preprod.proterrasancta.org\/fr\/wp-json\/wp\/v2\/media\/163182"}],"wp:attachment":[{"href":"https:\/\/preprod.proterrasancta.org\/fr\/wp-json\/wp\/v2\/media?parent=169654"}],"wp:term":[{"taxonomy":"category","embeddable":true,"href":"https:\/\/preprod.proterrasancta.org\/fr\/wp-json\/wp\/v2\/categories?post=169654"}],"curies":[{"name":"wp","href":"https:\/\/api.w.org\/{rel}","templated":true}]}}

<div class="wp-block-kadence-rowlayout alignnone"><div id="kt-layout-id_b0b94d-5c" class="kt-row-layout-inner kt-row-has-bg kt-layout-id_b0b94d-5c"><div class="kt-row-column-wrap kt-has-1-columns kt-gutter-skinny kt-v-gutter-default kt-row-valign-top kt-row-layout-equal kt-tab-layout-inherit kt-m-colapse-left-to-right kt-mobile-layout-row">
<div class="wp-block-kadence-column inner-column-1 kadence-column_b516ad-73"><div class="kt-inside-inner-col">
<h3 class="has-text-align-center has-white-color has-text-color wp-block-heading" id="h-faire-un-don-par-carte-de-credit-ou-paypal">FAIRE UN DON PAR CARTE DE CRÉDIT OU PayPal</h3>



<div style="height:11px" aria-hidden="true" class="wp-block-spacer"></div>



<div style="background-color:transparent" class="wp-block-proterrasancta-form-donate"><div class="container px-0"><div id="form-donate-root" class="form-donate-root" data-card-color="white" data-lng="fr" data-icon1="distribuzione" data-icon2="assistenza" data-icon3="famiglia" data-ask1="50" data-ask2="100" data-ask3="150" data-ask1-text="Pour la distribution des produits de première nécessité" data-ask2-text="Fournir des soins médicaux et des médicaments" data-ask3-text="Pour la reconstruction des maisons et l'aide aux familles" data-campaign-tag="24_WS4_URGENCESYR" data-paypal-key="AXlo5BqnfFZyW1uZxx5gkgYegrUCI86f7Q65TIABhmOq4Kt5JEb1zM1NdRUKDtV0obCFXmhjIC1tXxQ8" data-stripe-key="pk_live_51HoUXjJhU1LmKSdSbkxGlrACRcf4LTv1RqqzDcqKytqJzbs1tzvrgsw5sRp5USAUGdCg8fHwNbTtvWCTlUno6gSB00fvqTKLzg" data-env="prod" data-thank-you-url="" data-form-type="standard" data-form-shape="form"></div></div></div>
</div></div>
</div></div></div>

<!-- This site is optimized with the Yoast SEO Premium plugin v17.7 (Yoast SEO v19.14) - https://yoast.com/wordpress/plugins/seo/ -->
<title>Soutenir syria | Pro Terra Sancta</title>
<meta name="description" content="Soutenez notre travail en Syrie aux côtés de la population touchée par un conflit qui dure depuis trop d’années." />
<meta name="robots" content="noindex, follow, max-snippet:-1, max-image-preview:large, max-video-preview:-1" />
<meta property="og:locale" content="fr_FR" />
<meta property="og:type" content="article" />
<meta property="og:title" content="Urgence en Syrie" />
<meta property="og:description" content="Soutenez notre travail en Syrie aux côtés de la population touchée par un conflit qui dure depuis trop d’années." />
<meta property="og:url" content="https://preprod.proterrasancta.org/fr/urgence-en-syrie/" />
<meta property="og:site_name" content="Pro Terra Sancta" />
<meta property="article:publisher" content="https://www.facebook.com/proterrasancta/" />
<meta property="article:modified_time" content="2024-01-10T16:27:15+00:00" />
<meta property="og:image" content="https://preprod.proterrasancta.org/wp-content/uploads/siria-famiglie.png" />
	<meta property="og:image:width" content="500" />
	<meta property="og:image:height" content="500" />
	<meta property="og:image:type" content="image/png" />
<meta name="twitter:card" content="summary_large_image" />
<meta name="twitter:site" content="@proterrasancta" />
<meta name="twitter:label1" content="Durée de lecture est." />
	<meta name="twitter:data1" content="1 minute" />
<script type="application/ld+json" class="yoast-schema-graph">{"@context":"https://schema.org","@graph":[{"@type":"WebPage","@id":"https://preprod.proterrasancta.org/fr/urgence-en-syrie/","url":"https://preprod.proterrasancta.org/fr/urgence-en-syrie/","name":"Soutenir syria | Pro Terra Sancta","isPartOf":{"@id":"https://preprod.proterrasancta.org/it/#website"},"datePublished":"2022-03-14T08:55:01+00:00","dateModified":"2024-01-10T16:27:15+00:00","description":"Soutenez notre travail en Syrie aux côtés de la population touchée par un conflit qui dure depuis trop d’années.","breadcrumb":{"@id":"https://preprod.proterrasancta.org/fr/urgence-en-syrie/#breadcrumb"},"inLanguage":"fr-FR","potentialAction":[{"@type":"ReadAction","target":["https://preprod.proterrasancta.org/fr/urgence-en-syrie/"]}]},{"@type":"BreadcrumbList","@id":"https://preprod.proterrasancta.org/fr/urgence-en-syrie/#breadcrumb","itemListElement":[{"@type":"ListItem","position":1,"name":"Home","item":"https://preprod.proterrasancta.org/it/"},{"@type":"ListItem","position":2,"name":"Urgence en Syrie"}]},{"@type":"WebSite","@id":"https://preprod.proterrasancta.org/it/#website","url":"https://preprod.proterrasancta.org/it/","name":"Pro Terra Sancta","description":"To foster bonds between the Holy Land and the world","publisher":{"@id":"https://preprod.proterrasancta.org/it/#organization"},"potentialAction":[{"@type":"SearchAction","target":{"@type":"EntryPoint","urlTemplate":"https://preprod.proterrasancta.org/it/?s={search_term_string}"},"query-input":"required name=search_term_string"}],"inLanguage":"fr-FR"},{"@type":"Organization","@id":"https://preprod.proterrasancta.org/it/#organization","name":"Associazione Pro Terra Sancta","url":"https://preprod.proterrasancta.org/it/","logo":{"@type":"ImageObject","inLanguage":"fr-FR","@id":"https://preprod.proterrasancta.org/it/#/schema/logo/image/","url":"https://www.proterrasancta.org/wp-content/uploads/Logo_ProTerraSancta_Colori_web_high_modificato.jpg","contentUrl":"https://www.proterrasancta.org/wp-content/uploads/Logo_ProTerraSancta_Colori_web_high_modificato.jpg","width":1018,"height":576,"caption":"Associazione Pro Terra Sancta"},"image":{"@id":"https://preprod.proterrasancta.org/it/#/schema/logo/image/"},"sameAs":["https://www.instagram.com/proterrasancta/","https://www.linkedin.com/company/pro-terra-sancta/","https://www.youtube.com/user/proterrasancta","https://www.facebook.com/proterrasancta/","https://twitter.com/proterrasancta"]}]}</script>
<!-- / Yoast SEO Premium plugin. -->

Soutenez notre travail en Syrie aux côtés de la population touchée par un conflit qui dure depuis trop d’années.
