{"version":"1.0","provider_name":"Pro Terra Sancta","provider_url":"https:\/\/preprod.proterrasancta.org\/fr\/","author_name":"Giacomo Pizzi","author_url":"https:\/\/preprod.proterrasancta.org\/fr\/author\/pizzi\/","title":"Le Mosa\u00efque Centre : une nouvelle opportunit\u00e9 pour Bethl\u00e9em","type":"rich","width":600,"height":338,"html":"<blockquote class=\"wp-embedded-content\" data-secret=\"9Ex41Y1wfR\"><a href=\"https:\/\/preprod.proterrasancta.org\/fr\/le-mosaique-centre-une-nouvelle-opportunite-pour-bethleem\/\">Le Mosa\u00efque Centre : une nouvelle opportunit\u00e9 pour Bethl\u00e9em<\/a><\/blockquote><iframe sandbox=\"allow-scripts\" security=\"restricted\" src=\"https:\/\/preprod.proterrasancta.org\/fr\/le-mosaique-centre-une-nouvelle-opportunite-pour-bethleem\/embed\/#?secret=9Ex41Y1wfR\" width=\"600\" height=\"338\" title=\"\u00ab\u00a0Le Mosa\u00efque Centre : une nouvelle opportunit\u00e9 pour Bethl\u00e9em\u00a0\u00bb &#8212; Pro Terra Sancta\" data-secret=\"9Ex41Y1wfR\" frameborder=\"0\" marginwidth=\"0\" marginheight=\"0\" scrolling=\"no\" class=\"wp-embedded-content\"><\/iframe><script type=\"text\/javascript\">\n\/* <![CDATA[ *\/\n\/*! This file is auto-generated *\/\n!function(d,l){\"use strict\";l.querySelector&&d.addEventListener&&\"undefined\"!=typeof URL&&(d.wp=d.wp||{},d.wp.receiveEmbedMessage||(d.wp.receiveEmbedMessage=function(e){var t=e.data;if((t||t.secret||t.message||t.value)&&!\/[^a-zA-Z0-9]\/.test(t.secret)){for(var s,r,n,a=l.querySelectorAll('iframe[data-secret=\"'+t.secret+'\"]'),o=l.querySelectorAll('blockquote[data-secret=\"'+t.secret+'\"]'),c=new RegExp(\"^https?:$\",\"i\"),i=0;i<o.length;i++)o[i].style.display=\"none\";for(i=0;i<a.length;i++)s=a[i],e.source===s.contentWindow&&(s.removeAttribute(\"style\"),\"height\"===t.message?(1e3<(r=parseInt(t.value,10))?r=1e3:~~r<200&&(r=200),s.height=r):\"link\"===t.message&&(r=new URL(s.getAttribute(\"src\")),n=new URL(t.value),c.test(n.protocol))&&n.host===r.host&&l.activeElement===s&&(d.top.location.href=t.value))}},d.addEventListener(\"message\",d.wp.receiveEmbedMessage,!1),l.addEventListener(\"DOMContentLoaded\",function(){for(var e,t,s=l.querySelectorAll(\"iframe.wp-embedded-content\"),r=0;r<s.length;r++)(t=(e=s[r]).getAttribute(\"data-secret\"))||(t=Math.random().toString(36).substring(2,12),e.src+=\"#?secret=\"+t,e.setAttribute(\"data-secret\",t)),e.contentWindow.postMessage({message:\"ready\",secret:t},\"*\")},!1)))}(window,document);\n\/* ]]> *\/\n<\/script>\n","thumbnail_url":"https:\/\/preprod.proterrasancta.org\/wp-content\/uploads\/33662807_10160274406070265_4746580581733629952_n.jpg","thumbnail_width":960,"thumbnail_height":720,"description":"Un nouveau centre de mosa\u00efques a \u00e9t\u00e9 inaugur\u00e9 \u00e0 Bethl\u00e9em pour pr\u00e9server la beaut\u00e9 de la vieille ville et pour promouvoir de nouvelles opportunit\u00e9s d&#8217;emploi pour la jeunesse locale.\u00a0Le centre est n\u00e9 dans le projet \u00ab\u00a0Nouveaux Mosa\u00efstes pour Bethl\u00e9em\u00a0\u00bb et est promu par ATS pro Terra Sancta gr\u00e2ce au soutien de l&rsquo;Association Amis de P. [&hellip;]"}

Le Mosaïque Centre : une nouvelle opportunité pour Bethléem

<blockquote class="wp-embedded-content" data-secret="9Ex41Y1wfR"><a href="https://preprod.proterrasancta.org/fr/le-mosaique-centre-une-nouvelle-opportunite-pour-bethleem/">Le Mosaïque Centre : une nouvelle opportunité pour Bethléem</a></blockquote><iframe sandbox="allow-scripts" security="restricted" src="https://preprod.proterrasancta.org/fr/le-mosaique-centre-une-nouvelle-opportunite-pour-bethleem/embed/#?secret=9Ex41Y1wfR" width="600" height="338" title="« Le Mosaïque Centre : une nouvelle opportunité pour Bethléem » &#8212; Pro Terra Sancta" data-secret="9Ex41Y1wfR" frameborder="0" marginwidth="0" marginheight="0" scrolling="no" class="wp-embedded-content"></iframe><script type="text/javascript">
/* <![CDATA[ */
/*! This file is auto-generated */
!function(d,l){"use strict";l.querySelector&&d.addEventListener&&"undefined"!=typeof URL&&(d.wp=d.wp||{},d.wp.receiveEmbedMessage||(d.wp.receiveEmbedMessage=function(e){var t=e.data;if((t||t.secret||t.message||t.value)&&!/[^a-zA-Z0-9]/.test(t.secret)){for(var s,r,n,a=l.querySelectorAll('iframe[data-secret="'+t.secret+'"]'),o=l.querySelectorAll('blockquote[data-secret="'+t.secret+'"]'),c=new RegExp("^https?:$","i"),i=0;i<o.length;i++)o[i].style.display="none";for(i=0;i<a.length;i++)s=a[i],e.source===s.contentWindow&&(s.removeAttribute("style"),"height"===t.message?(1e3<(r=parseInt(t.value,10))?r=1e3:~~r<200&&(r=200),s.height=r):"link"===t.message&&(r=new URL(s.getAttribute("src")),n=new URL(t.value),c.test(n.protocol))&&n.host===r.host&&l.activeElement===s&&(d.top.location.href=t.value))}},d.addEventListener("message",d.wp.receiveEmbedMessage,!1),l.addEventListener("DOMContentLoaded",function(){for(var e,t,s=l.querySelectorAll("iframe.wp-embedded-content"),r=0;r<s.length;r++)(t=(e=s[r]).getAttribute("data-secret"))||(t=Math.random().toString(36).substring(2,12),e.src+="#?secret="+t,e.setAttribute("data-secret",t)),e.contentWindow.postMessage({message:"ready",secret:t},"*")},!1)))}(window,document);
/* ]]> */
</script>

Un nouveau centre de mosaïques a été inauguré à Bethléem pour préserver la beauté de la vieille ville et pour promouvoir de nouvelles opportunités d&#8217;emploi pour la jeunesse locale. Le centre est né dans le projet « Nouveaux Mosaïstes pour Bethléem » et est promu par ATS pro Terra Sancta grâce au soutien de l&rsquo;Association Amis de P. [&hellip;]
